9*c**2 - 5 + 8*c + 2*c**3 - 2 - 1 - 6*c**m. Let s be u(7). What is q(s)?
16
Let v(m) = -86*m + 690. Suppose -258*w - 892 + 839 = -2117. Determine v(w).
2
Let p(u) be the second derivative of u**5/60 - 5*u**4/12 - 7*u**3/3 - 94*u**2 + 5*u - 8. Let z(a) be the first derivative of p(a). Determine z(10).
-14
Let p(o) be the third derivative of -o**5/60 + o**4/3 + 5*o**3/2 + 2*o**2 + 2889*o - 1. What is p(9)?
6
Let g = 519 - 518. Suppose 0 = 5*i, 4 - 2 = l - i. Let h(m) = 4 - g - m**2 + 9*m - l*m - 5. Calculate h(5).
8
Let m(d) be the second derivative of 2*d**3/3 + d**2/2 - 2*d. Let h(i) = i - 6. Let y be h(9). Suppose -y*x = w - 1, -3*w - 5*x + 5 - 2 = 0. Determine m(w).
5
Let i(z) = -102*z - 224. Let d(j) = 110*j + 225. Let b(p) = -10*d(p) - 11*i(p). What is b(-9)?
16
Suppose 17*o - 13*o = g - 13, 3*g = 5*o + 74. Let z(f) = 3*f - 95. Give z(g).
4
Let v(d) = d**3 - 4*d**2 + 3*d - 2. Let r be v(3). Let k(m) = 1375 - 5539 + 1376 - 4*m + 1379 + 1411. Determine k(r).
10
Let i be ((-2)/(-6))/((-31 + 15)/(-96)). Let x(p) = -p**3 + 3*p**2 - 4*p. Give x(i).
-4
Let z(q) = -8*q**2. Let f be -39*3/(-2)*(-12)/18. Let d = f + 37. Give z(d).
-32
Let c be 4/(-3)*(-12)/8. Let g(u) = -3 + 5*u**2 - c*u + 7 - 3*u**2 - 4*u**2. Let j be (6/(-8))/(-20 + (-1539)/(-76)). Determine g(j).
-8
Let j = -27 + 15. Let f = 9 + j. Let o(h) = -h**3 + 5*h**2 + 2. Let p(q) = -2*q**3 + 6*q**2 - q + 2. Let u(i) = -3*o(i) + 2*p(i). Calculate u(f).
4
Let k be ((-141)/94)/(2/(-32)). Let s(c) = c**3 - 23*c**2 - 23*c - 33. Give s(k).
-9
Let w(q) = q**2 - 32*q + 37. Suppose -5*m + 135 = 4*i, -15*m = -16*m + 3*i + 46. Give w(m).
6
Let a = 2 - -2. Let q(u) = 143*u - 14. Let c(i) = 250*i - 22. Let k(n) = 4*c(n) - 7*q(n). Calculate k(a).
6
Let w be ((-578)/(-17))/(8/(-4)). Let v(t) = t**2 + 16*t + 24. Determine v(w).
41
Let o = -32347 - -32338. Let k(g) = -7*g**3 - 2*g**2 + 15*g - 5. Let j(y) = y**3 - y**2 - y. Let v(n) = -6*j(n) - k(n). Determine v(o).
5
Let h = -6738 + 6757. Let o(r) = r**2 - 20*r + 8. What is o(h)?
-11
Let m(p) = 4*p**3 - 7*p**2 - 8*p - 13. Let z(j) = 3*j**3 - 7*j**2 - 8*j - 12. Let u(y) = -4*m(y) + 5*z(y). Let g be ((-102)/119)/((-2)/(-14)). Calculate u(g).
4
Let d(v) be the third derivative of 1/120*v**6 - 1/6*v**3 + 0*v - 1/20*v**5 - 1/12*v**4 + 10*v**2 + 5. What is d(-2)?
-17
Let g(x) = -15*x - 13. Let p(v) = 266*v - 3192. Let k be p(12). Calculate g(k).
-13
Let y = -467 + 554. Let s be y/15 - (-24)/(-30). Let j(k) = -k**3 + 5*k**2 - 2*k - 3. Give j(s).
-13
Let j(s) = -27*s - 17. Let p(f) = 17*f + 8. Let z(t) = -5*j(t) - 8*p(t). Give z(13).
8
Let l be (11 - (2 - 1)) + (214 - 216). Let r(m) = 9*m + 16. What is r(l)?
88
Let z be (-2)/(-3) - ((-286)/(-33) + 0). Let i(x) = -9*x - 67. Give i(z).
5
Let a(y) = y**3 + 2*y + 3. Suppose 2*f - 4*f = -6. Suppose -k + i = 1, f*k - 5*i = -i - 5. Let t(m) = m + 1. Let v(d) = k*a(d) - 4*t(d). What is v(-2)?
-5
Let a be (1 + -2 - 306/(-34) - 4) + -15. Let j(r) = -r - 35. What is j(a)?
-24
Suppose -5364 + 404 = -155*m. Let y(p) = -p**3 + 7*p**2 - 6*p + 4. Let r be y(6). Let t(i) = r + 16*i - m*i + 15*i. Determine t(8).
-4
Let v(r) be the first derivative of -r**4/4 + r**2 + 52*r + 1160. Calculate v(0).
52
Let n(j) = j**2 - 3*j. Suppose 0 = 2*p - 3*z - 159, 3*z + 375 = 12*p - 7*p. Let m be (-9 - p/(-10))/((-6)/20). What is n(m)?
18
Let d(r) be the first derivative of r**4/4 - 8*r**3/3 - 11*r**2 - 9*r + 832. What is d(10)?
-29
Let n(w) = -w**2 - 3*w + 45. Let d(o) = 2*o - 18. Let v be d(12). Give n(v).
-9
Let a(i) = 31 + 86 + 27 - 110 + 3*i + 27. Calculate a(-12).
25
Let j = -36 + 26. Let w be 2/(-12) - 4/(-24)*97. Let f(p) = -11*p - 11*p**2 + 10*p**2 + p - w + 4. Give f(j).
-12
Let j(l) be the second derivative of 1/6*l**3 - 3/2*l**2 + 0 - 26*l. Give j(7).
4
Suppose 0 = -4*w + 2*o - 5*o + 25, -10 = -w - 2*o. Suppose w*b + 5*m = 9, -4*b = -0*b + m + 11. Let p(j) = j**3 + 4*j**2 + j. What is p(b)?
-4
Suppose 2*r + 12 = 6*r. Let k(g) = -1035*g - 1039*g - 1028*g + 63 - 1028*g + 4142*g - 62. Calculate k(r).
37
Let x(g) = g**3 - 12*g**2 - 19*g + 76. Let d be x(13). Let m(j) = -10*j - 1. What is m(d)?
19
Let u = 274 + -265. Let m(k) = k + 3*k - k**2 - u*k - 2*k + 2*k**2 + 16. Calculate m(5).
6
Suppose -2*j + 8 = 5*m, -27*m - 3*j + 3 = -24*m. Let i(r) = -r**2 - 1 - 14*r + 14*r + 2*r**m. Give i(2).
3
Let j(i) = -12*i**2 + 7*i + 2. Let x(a) = 27*a**2 - 15*a - 6. Let f(c) = 7*j(c) + 3*x(c). Give f(2).
-8
Let i(x) = 2*x**2 + x - 6. Let z be i(-2). Let n be z/(-5 - -8) + 8. Let s(h) = h - h + n*h + 0 - h**2 + 7. Determine s(8).
7
Let l be 9/12*((-71)/90 - 4/(-5)). Let d(o) be the third derivative of 9*o**2 - 1/6*o**4 + 1/12*o**5 - l*o**6 + 2/3*o**3 + 0 + 0*o. Give d(4).
4
Let w(h) = -3*h + 24. Let t(u) = 2*u**2 - 17*u + 20. Let k be t(7). Let x be ((-270)/(-54))/((-1)/2 - k). Give w(x).
-6
Let q = 7468 + -7477. Let n(s) = 5*s - 13. Give n(q).
-58
Let o(v) = -v**3 + 20*v**2 + 19*v + 44. Let s be o(21). Let z be (-45)/(-5)*(s - 32/12). Let x(l) = 0*l - 2 - 2 - l. Determine x(z).
2
Let m(f) be the first derivative of -13*f**3/3 - f**2/2 + 2*f - 877. Determine m(-1).
-10
Let o(x) = -4*x**3. Let p(s) = -10*s + 40. Let g be p(6). Let k be 5/g - 111/4. Let j be 8/k + 15/(-21) - 0. What is o(j)?
4
Let j(f) = 81*f**3 + 98*f**2 - 52*f - 31. Let z(u) = -46*u**3 - 49*u**2 + 26*u + 17. Let q(a) = -4*j(a) - 7*z(a). Calculate q(-25).
-20
Let d(q) be the second derivative of q**5/20 - 17*q**4/12 + 5*q**3/2 + 10*q**2 - q. Let r be 486/(-27) + (-238)/(-49)*7. What is d(r)?
4
Let g(c) = c**3 - 11*c**2 + 14*c - 42. Let r be g(11). Let n be r/18 + 38/(-171). Let i(v) = 2*v + 7. Determine i(n).
19
Let k(c) = -c**2 - 15*c + 23. Let i(f) = -f**3 - 5*f**2 - f + 19. Let o be i(-4). Suppose -1821 = -o*y - 1933. Give k(y).
7
Let u(b) = 3*b - b**3 + 0*b**3 + 0 + 3 + 8*b**2. Suppose 358*x - 356*x - 2*k = -4, 9 = 3*k - 21. Calculate u(x).
27
Let d(k) = -7 - 7*k + 5*k**2 - 2*k**2 + k**3 - k**2 + 1. Let f = -80 - -82. Suppose -4*i - g = 18, 3*g - 1 = f*i + 1. Calculate d(i).
-10
Let f(h) = -h**2 - 17*h - 26. Let u be (-2 + 2/(-5))/(51/(-340)). Suppose l = j + u, 35 = -j + 2*l + 18. Determine f(j).
4
Let t(g) = 7*g - 23. Let z(w) = -2*w - 41. Let l be z(-26). Let k(q) = -20*q + 67. Let n(o) = l*t(o) + 4*k(o). What is n(10)?
-15
Let a = 42 - 46. Let d(l) be the third derivative of -l**4/12 + l**3/3 + 4387*l**2. Determine d(a).
10
Let w(v) = v**2 - 33*v + 66. Suppose -27*p + 29*p = 4*s + 74, 5*p - 5*s = 170. Give w(p).
4
Let a(f) = 25*f**3 + 12 - 7*f - 7 - 57*f**3 + 2*f + 31*f**3 - 8*f**2. Give a(-6).
-37
Let c(w) be the first derivative of -w**4/4 + 5*w**3/3 - w**2 + 5*w + 193. Suppose -11 = -3*k + 4. What is c(k)?
-5
Let b(t) = -33 + 271*t + t**2 - 533*t + 267*t - 72. Let x be b(-13). Let v(f) = -5*f**2 + 2*f + 1. What is v(x)?
-6
Let c(h) = 10*h + 4 - 3 - h**2 + 5. Suppose -349*z + 2224*z - 9375 = 0. What is c(z)?
31
Let s(n) = -51 + 28*n - 25*n + 112 - 12*n. Calculate s(7).
-2
Let a(f) be the third derivative of f**6/15 - 11*f**4/24 - 2*f**3 - 46*f**2. What is a(-1)?
-9
Let m(y) = y**2 + 10*y - 145. Let r = 8944 - 8936. What is m(r)?
-1
Let q(g) = -g**2 + 28*g + 92. Let z be q(31). Let u(w) be the second derivative of -w**5/2 + w**4/6 - w**2/2 + 14*w - 1. What is u(z)?
11
Let r(p) = 6 - 477120*p**2 - 3*p + 477113*p**2 - p**3 + 0*p. Give r(-7).
27
Let g(u) = u**3 + 8*u**2 - 10*u + 26. Let m be g(-9). Suppose 8*s - 4*i + 30 = 7*s, -s + 5*i - m = 0. Let t(f) = -f**3 - 11*f**2 - 10*f - 6. What is t(s)?
-6
Let t(v) be the second derivative of v**3/3 + 43*v**2 - 2*v + 790. What is t(-38)?
10
Let r(n) be the first derivative of -n**3/3 + 3*n**2/2 - 8*n + 18712. Let z be 21/6*(-12)/(-7). Give r(z).
-26
Let q(s) = -s**3 - 7*s**2 - s. Suppose -5*u = -6*t + 9*t - 1349, -u - 1791 = -4*t. Let n = t + -454. What is q(n)?
-30
Let l(o) = -51*o - 205. Let h be l(-4). Let z(w) = -40*w**2 + 2*w + 1. Give z(h).
-41
Let k(n) be the third derivative of n**4/24 - 2*n**3/3 + n**2. Let l(y) = 3*y + 21. Let q be l(-7). Suppose -13*v - 128 + 37 = q. Calculate k(v).
-11
Let u be (-56 + 18 - (2 + -1))*5/(-15). Let v(t) = -t + 21. Determine v(u).
8
Let f be (-2058)/(-11) + (-21)/231. Let t = f - 190. Let i(b) = -b**2 - 2*b - 2. What is i(t)?
-5
Let b(f) be the third derivative of -3*f**6/40 + f**4/12 - f**3